igit of 27661?
7
What is the tens digit of 98?
9
What is the units digit of 34093?
3
What is the tens digit of 665?
6
What is the tens digit of 12661?
6
What is the hundreds digit of 2759?
7
What is the ten thousands digit of 35802?
3
What is the thousands digit of 33348?
3
What is the thousands digit of 5704?
5
What is the thousands digit of 49205?
9
What is the tens digit of 9450?
5
What is the thousands digit of 62698?
2
What is the tens digit of 765?
6
What is the tens digit of 7797?
9
What is the units digit of 1142?
2
What is the units digit of 363?
3
What is the ten thousands digit of 104471?
0
What is the units digit of 302?
2
What is the hundreds digit of 62539?
5
What is the units digit of 4973?
3
What is the hundreds digit of 118602?
6
What is the units digit of 32520?
0
What is the units digit of 995?
5
What is the tens digit of 1264?
6
What is the tens digit of 620?
2
What is the tens digit of 106789?
8
What is the hundreds digit of 254?
2
What is the units digit of 3080?
0
What is the hundreds digit of 42372?
3
What is the ten thousands digit of 25900?
2
What is the units digit of 428?
8
What is the ten thousands digit of 19852?
1
What is the tens digit of 82121?
2
What is the thousands digit of 1537?
1
What is the ten thousands digit of 11807?
1
What is the thousands digit of 101106?
1
What is the ten thousands digit of 69721?
6
What is the units digit of 19801?
1
What is the tens digit of 4582?
8
What is the thousands digit of 6965?
6
What is the tens digit of 2122?
2
What is the units digit of 4206?
6
What is the thousands digit of 7785?
7
What is the hundreds digit of 3433?
4
What is the units digit of 216?
6
What is the tens digit of 1836?
3
What is the tens digit of 2927?
2
What is the tens digit of 135?
3
What is the tens digit of 7841?
4
What is the tens digit of 30557?
5
What is the thousands digit of 5143?
5
What is the ten thousands digit of 66368?
6
What is the tens digit of 475?
7
What is the hundreds digit of 666?
6
What is the hundreds digit of 13059?
0
What is the units digit of 8628?
8
What is the units digit of 3667?
7
What is the hundreds digit of 1026?
0
What is the units digit of 213?
3
What is the tens digit of 8922?
2
What is the units digit of 928?
8
What is the tens digit of 7718?
1
What is the units digit of 48519?
9
What is the tens digit of 71736?
3
What is the ten thousands digit of 174212?
7
What is the hundreds digit of 1920?
9
What is the tens digit of 24398?
9
What is the hundreds digit of 8885?
8
What is the ten thousands digit of 59022?
5
What is the units digit of 492?
2
What is the ten thousands digit of 57751?
5
What is the tens digit of 1720?
2
What is the tens digit of 15644?
4
What is the tens digit of 275?
7
What is the hundreds digit of 1407?
4
What is the tens digit of 9317?
1
What is the hundreds digit of 10326?
3
What is the units digit of 23439?
9
What is the hundreds digit of 1653?
6
What is the tens digit of 4757?
5
What is the hundreds digit of 583?
5
What is the hundreds digit of 1735?
7
What is the tens digit of 26546?
4
What is the thousands digit of 2532?
2
What is the tens digit of 2513?
1
What is the ten thousands digit of 119152?
1
What is the tens digit of 1406?
0
What is the thousands digit of 32786?
2
What is the units digit of 2125?
5
What is the hundreds digit of 1064?
0
What is the ten thousands digit of 68848?
6
What is the thousands digit of 3067?
3
What is the hundreds digit of 6083?
0
What is the units digit of 12136?
6
What is the units digit of 1497?
7
What is the units digit of 1108?
8
What is the hundreds digit of 1794?
7
What is the tens digit of 1010?
1
What is the tens digit of 26213?
1
What is the tens digit of 758?
5
What is the thousands digit of 2136?
2
What is the thousands digit of 2942?
2
What is the tens digit of 12196?
9
What is the hundreds digit of 1192?
1
What is the hundreds digit of 84362?
3
What is the hundreds digit of 92497?
4
What is the thousands digit of 2348?
2
What is the tens digit of 772?
7
What is the thousands digit of 1552?
1
What is the tens digit of 4663?
6
What is the ten thousands digit of 64397?
6
What is the hundreds digit of 71037?
0
What is the ten thousands digit of 29071?
2
What is the tens digit of 3082?
8
What is the hundreds digit of 280?
2
What is the units digit of 912?
2
What is the units digit of 884?
4
What is the hundreds digit of 38997?
9
What is the units digit of 137075?
5
What is the units digit of 1378?
8
What is the ten thousands digit of 54372?
5
What is the tens digit of 986?
8
What is the hundreds digit of 6970?
9
What is the tens digit of 37029?
2
What is the units digit of 13789?
9
What is the tens digit of 1376?
7
What is the tens digit of 28562?
6
What is the thousands digit of 4204?
4
What is the ten thousands digit of 103920?
0
What is the tens digit of 11687?
8
What is the units digit of 12646?
6
What is the ten thousands digit of 58912?
5
What is the hundreds digit of 742?
7
What is the hundreds digit of 910?
9
What is the hundreds digit of 2214?
2
What is the hundreds digit of 2043?
0
What is the units digit of 61977?
7
What is the hundreds digit of 7401?
4
What is the thousands digit of 10901?
0
What is the hundreds digit of 390?
3
What is the thousands digit of 2469?
2
What is the units digit of 978?
8
What is the tens digit of 2115?
1
What is the units digit of 581?
1
What is the tens digit of 2149?
4
What is the thousands digit of 9994?
9
What is the tens digit of 10409?
0
What is the units digit of 11020?
0
What is the thousands digit of 5679?
5
What is the units digit of 134?
4
What is the units digit of 5376?
6
What is the ten thousands digit of 117831?
1
What is the ten thousands digit of 84636?
8
What is the ten thousands digit of 23531?
2
What is the tens digit of 7371?
7
What is the tens digit of 1105?
0
What is the tens digit of 7868?
6
What is the hundreds digit of 155?
1
What is the thousands digit of 2604?
2
What is the thousands digit of 35584?
5
What is the tens digit of 1387?
8
What is the tens digit of 609?
0
What is the hundreds digit of 26649?
6
What is the tens digit of 79830?
3
What is the units digit of 24359?
9
What is the tens digit of 3985?
8
What is the tens digit of 8512?
1
What is the tens digit of 10670?
7
What is the ten thousands digit of 51403?
5
What is the tens digit of 18660?
6
What is the ten thousands digit of 14432?
1
What is the units digit of 14798?
8
What is the ten thousands digit of 13880?
1
What is the tens digit of 10018?
1
What is the hundreds digit of 1202?
2
What is the ten thousands digit of 10545?
1
What is the thousands digit of 40501?
0
What is the units digit of 130268?
8
What is the hundreds digit of 15444?
4
What is the units digit of 150167?
7
What is the units digit of 6629?
9
What is the thousands digit of 37356?
7
What is the tens digit of 5681?
8
What is the units digit of 3178?
8
What is the thousands digit of 1198?
1
What is the hundreds digit of 856?
8
What is the thousands digit of 2554?
2
What is the thousands digit of 5557?
5
What is the hundreds digit of 1827?
8
What is the thousands digit of 2380?
2
What is the thousands digit of 4234?
4
What is the thousands digit of 12677?
2
What is the tens digit of 4825?
2
What is the units digit of 5525?
5
What is the units digit of 114?
4
What is the ten thousands digit of 43156?
4
What is the hundreds digit of 732?
7
What is the tens digit of 5482?
8
What is the units digit of 5446?
6
What is the hundreds digit of 864?
8
What is the units digit of 6364?
4
What is the units digit of 56144?
4
What is the hundreds digit of 7702?
7
What is the thousands digit of 7524?
7
What is the ten thousands digit of 60175?
6
What is the hundreds digit of 26250?
2
What is the tens digit of 4875?
7
What is the thousands digit of 3052?
3
What is the tens digit of 1542?
4
What is the thousands digit of 3119?
3
What is the thousands digit of 8566?
8
What is the hundreds digit of 4865?
8
What is the tens digit of 676?
7
What is the tens digit of 1470?
7
What is the hundreds digit of 21590?
5
What is the thousands digit of 8382?
8
What is the thousands digit of 184326?
4
What is the tens digit of 29269?
6
What is the tens digit of 17341?
4
What is the tens digit of 96238?
3
What is the units digit of 57